 3*c + 57 = -k. What is the remainder when 33 is divided by k?
9
Suppose 5*i = 61 + 4. Suppose -38 - 62 = -2*j. What is the remainder when j is divided by i?
11
Suppose g - 6*g - 3*w = 36, -3*g - 5*w - 28 = 0. What is the remainder when 35 + (-3 + 0)*1 is divided by 2/g + 34/3?
10
Suppose 8 = 2*c + 2*c. What is the remainder when c is divided by (-1 - 1) + -3 + 7?
0
Let n be (-1)/3 + 21/9. Let s(t) = -2*t**2 + 3*t**2 + n + 4*t + 3. What is the remainder when 9 is divided by s(-4)?
4
Let k be 1*((-4)/(-2))/2. Calculate the remainder when 50 is divided by 26 - (k + -1)/3.
24
What is the remainder when 43 is divided by -4*14/(-4) + (0 - -3)?
9
Let u(c) = c + 6. Calculate the remainder when 92 is divided by u(13).
16
Suppose 5*w = -3*i + 208, -i = -5*w + 4*i + 240. Calculate the remainder when w is divided by 23.
21
Calculate the remainder when -3 - 6/((-18)/165) is divided by 18.
16
Let b = -7 - 14. Let y = -5 - b. Calculate the remainder when 30 is divided by y.
14
Suppose 3*x + 44 = 5*x. Let u = x - 13. What is the remainder when 24 is divided by u?
6
Let t be (-2)/3*(-6)/4. Let c = t + 2. Suppose c*p = -p + 156. What is the remainder when p is divided by 20?
19
Let r(p) = -3*p - 1. Let u be r(2). Let n be (-5 + 1)*(13 + -1). What is the remainder when u/(14/n) + -1 is divided by 12?
11
Let j(m) = m**2 - 3. What is the remainder when 12 is divided by j(-3)?
0
Let g(b) = b**3 + 3*b**2 - 4*b - 3. Let f be g(-4). Calculate the remainder when 1/(f + 43/14) is divided by 8.
6
Suppose 0 = -q + 22 + 21. Let c = 4 - 7. What is the remainder when q is divided by -2 + (13 - -1) - c?
13
Let p = 40 + -38. Let m be 2/((-1)/(-15)*2). Calculate the remainder when 2 is divided by (m/6)/5*p.
0
Suppose 4*l - l - 6 = 0. Suppose 4*h = l*h + 12. Suppose 3*i - 24 = i + 5*n, -5*i + 4*n + 77 = 0. Calculate the remainder when i is divided by h.
5
Let b = -71 + 124. Calculate the remainder when b is divided by 14.
11
Let g = 7 + -1. Suppose -3*v + 85 = 5*k, -4*k + 51 + 54 = -5*v. Suppose k = s - g. Calculate the remainder when s is divided by 9.
8
Suppose 0 = 5*r + 3*u - 32 + 2, 4*u = -5*r + 35. Suppose 0 = v + 2*s - 12, 0*s + s = 3*v - 8. Calculate the remainder when v is divided by r.
1
Let z(q) = -q**2 - q + 1. Let y be z(0). Let r(w) = w**2 + w + 4. What is the remainder when -94*y*1/(-2) is divided by r(3)?
15
Let x = -42 + 78. Calculate the remainder when 103 is divided by x.
31
Suppose -r = -6*r - 20. What is the remainder when 60 is divided by 32 - -1 - r/(-2)?
29
Suppose 0 = -2*u - 3*u. Let n = 3 + u. Suppose n*d - 3 = 2*f, -3 = 2*d - 4*d + f. What is the remainder when 8 is divided by d?
2
Let g(d) = 9*d**2 + 2*d - 1. Suppose c - 4 = -6. Let y = c - -3. Calculate the remainder when 19 is divided by g(y).
9
Suppose -4*z + 50 = -46. Let i = 40 - z. What is the remainder when 47 is divided by i?
15
Let j = -15 + 69. What is the remainder when j is divided by 19?
16
What is the remainder when 3/2*176/24 is divided by 3?
2
Suppose -5*l + 13 = 3*y - 23, 3*l + 4*y = 15. Suppose 4*f - 15 = f. What is the remainder when l is divided by f?
4
Let d(a) = 4*a**2 + 5*a + 3. Let h be d(-3). Suppose -2*c + 0*v - v = -h, 5*v = 0. What is the remainder when 35 is divided by c?
11
Let z be 151 + (-3 - -1) - 1. Suppose 0 = -5*l + l + z. What is the remainder when l is divided by (-372)/(-28) + (-2)/7?
11
Let q(l) = l**3 + 12*l**2 + 10. Suppose d + 4*d - 45 = 0. Calculate the remainder when -2*(0/(-2) - d) is divided by q(-12).
8
Let j = 6 - 1. Let b be (2 - 1) + (-6 - -4). Let p = b - -4. What is the remainder when j is divided by p?
2
Let h(c) = c**3 - 5*c**2 - 5*c - 3. Let p be h(6). Suppose -p*n + 25 = 2*n. What is the remainder when 8 is divided by n?
3
Suppose -190 = -3*v - 7. Let p be (-34)/3 - 20/30. Let u(x) = -x + 4. What is the remainder when v is divided by u(p)?
13
Let q(s) = -s - 1. Let k be q(8). Let y be (-34)/k - (-4)/18. Calculate the remainder when 3 is divided by 2/y - (-3)/6.
0
Let v(n) = -n**3 + 4*n**2 + 3*n - 2. Suppose 0 = j - 3 - 1. Suppose -j*x = x - 20. Calculate the remainder when 18 is divided by v(x).
8
Let z(o) = o**2 - 3*o + 15. Let p(w) = w**3 + w + 98. Calculate the remainder when p(0) is divided by z(6).
32
Suppose -2*u - 14 - 6 = -2*c, 3*u = 15. Calculate the remainder when c is divided by 6.
3
Let a(u) = u + 3. Suppose x + x = 12. Calculate the remainder when a(x) is divided by 3.
0
Suppose 4*z + 20 = 0, o + 2*z = 6 + 5. What is the remainder when 82 is divided by o?
19
Let o = -38 - -80. Calculate the remainder when o is divided by 32.
10
Let c = 28 - 26. Let q = 0 + c. Calculate the remainder when 9 is divided by q.
1
Suppose 4*j - 9*j = 20. Let a = j - -17. Calculate the remainder when 24 is divided by a.
11
Let a(i) = i**3 - i**2 - 3*i. Calculate the remainder when (-1012)/(-60) - 8/(-60) is divided by a(3).
8
Suppose 4*f - 2*f + 12 = a, 2*a = -4*f + 56. What is the remainder when 8 is divided by (-1)/(2/(a/(-2)))?
3
Let j(z) = 13*z**2 - 3*z + 3. Suppose -288 = -7*k + 3*k. Let f = k + -35. What is the remainder when f is divided by j(1)?
11
Let i be (-2)/((-2)/(-3)) + 5. Calculate the remainder when 4 is divided by (-7)/(-14) - (-3)/i.
0
Suppose -2 = 3*g + 4*t, 0*g + 4*t + 14 = 3*g. What is the remainder when 5 is divided by g?
1
Let l(j) = 16*j - 29. Let d(x) = 4*x - 7. Let p(w) = -9*d(w) + 2*l(w). Let h be p(5). Let r = h + 35. What is the remainder when 39 is divided by r?
19
Calculate the remainder when -4 + 15 + 4 + -2 is divided by 8.
5
What is the remainder when 76 is divided by (-2)/(-2) - (-8 - 30)?
37
Let r = 7 - 6. Calculate the remainder when 2 is divided by r.
0
Let g be 4/4 + -2 + -30. Let f = -12 - g. What is the remainder when f is divided by 10?
9
Suppose -m + 1 = -84. What is the remainder when m is divided by 22?
19
Let t be ((-3)/(-2))/(4/16). Let c = -4 + t. Let l = 3 - -1. Calculate the remainder when l is divided by c.
0
Let f(q) = -q**3 + 6*q**2 - 5*q + 2. Suppose 3*c - 9 = -36. Let y = c - -13. Calculate the remainder when y is divided by f(5).
0
Suppose -477 + 87 = 5*l. Let s = -52 - l. Calculate the remainder when 49 is divided by s.
23
Let q = 11 + -2. Let k = -3 + q. What is the remainder when (-58)/(-4) + (-12)/(-8) is divided by k?
4
Let v(d) = -d**2 - 4*d + 4. Suppose 3*f - 51 = -5*i, -i + 3*f + 21 = -0*i. Calculate the remainder when i is divided by v(-3).
5
Let t = 45 + -23. Let b(y) = y**3 + 8*y**2 + 5*y - 2. Calculate the remainder when t is divided by b(-7).
10
Suppose 5*a - 14*a + 639 = 0. Calculate the remainder when a is divided by 25.
21
Let r be (-2)/(-4) - (-33)/6. Let m(v) = v + 3. Suppose -109 - 16 = -5*w. Calculate the remainder when w is divided by m(r).
7
Suppose -58 = -5*r - 18. Calculate the remainder when (25 - 2/1) + -2 is divided by r.
5
Let u(l) = l**3 - 3*l**2 - 8*l - 4. Calculate the remainder when 9 is divided by u(5).
3
Let z be 2/5 + (-24)/(-40). Let h be 6 - (-1 - (-1)/z). Let x(m) = m + 1. What is the remainder when 20 is divided by x(h)?
6
Suppose 4 = -b - 4. Let u = -19 + 38. Let n = u + b. What is the remainder when 32 is divided by n?
10
Let a(q) = q**3 - 6*q**2 + 5*q + 3. Let i be a(4). Let h = 1 - i. Calculate the remainder when 29 is divided by h.
9
What is the remainder when (4/(-6))/((-4)/174) is divided by 0 + 5 - (-1 - 2)?
5
Let p = 25 - -1. What is the remainder when p is divided by ((-1)/2)/(3/(-42))?
5
Suppose -2*p = -5*k + 100, 3*p - 10 = 5*p. Calculate the remainder when 70 is divided by k.
16
Suppose 5*d - 20 = 0, 6*o - 2*d + 8 = o. Let q(h) = h**2 + 11. Calculate the remainder when 21 is divided by q(o).
10
Let t = -10 - -20. Suppose -5*k + t + 85 = 0. Suppose 5*d = 2*a - 40, -a - 4*a + 4*d = -66. What is the remainder when k is divided by a?
9
Suppose -2*n + 5*w = 0, 0 = -3*w - 0 + 12. Let b(h) = -h**2 - 7*h + 14. What is the remainder when n is divided by b(-8)?
4
Let b = 4 + -3. Let v be (-100)/(-6) + 2/(-3). Let a = v + b. What is the remainder when a is divided by 9?
8
Let x(y) = y**3 - 5*y**2 - 10*y + 11. Calculate the remainder when x(7) is divided by 14.
11
Suppose 0*i + 5*p - 44 = -i, 3*p + 49 = 2*i. Calculate the remainder when i is divided by 6.
5
Let i = 100 + -59. What is the remainder when 160 is divided by i?
37
Suppose -3*n + 3 = -3. What is 